 of 2 and 89668.
2
What is the greatest common factor of 179 and 266531?
179
Calculate the greatest common factor of 63322 and 98.
14
Calculate the greatest common divisor of 106 and 97308.
106
What is the highest common factor of 83 and 30959?
83
What is the greatest common divisor of 954 and 160?
2
What is the greatest common factor of 129 and 276791?
43
What is the greatest common factor of 2419 and 2624?
41
What is the highest common divisor of 50249 and 1417?
109
Calculate the greatest common factor of 400 and 6160.
80
Calculate the highest common divisor of 82435 and 5.
5
Calculate the greatest common divisor of 39136 and 64.
32
What is the greatest common factor of 114 and 295792?
38
Calculate the highest common divisor of 22533 and 7.
7
Calculate the greatest common divisor of 238 and 4270.
14
Calculate the greatest common divisor of 495840 and 10.
10
What is the highest common factor of 181 and 543181?
181
Calculate the greatest common divisor of 93620 and 558.
62
What is the highest common divisor of 66 and 3691017?
33
Calculate the highest common factor of 6800 and 3100.
100
What is the highest common factor of 2880 and 207?
9
What is the greatest common divisor of 140294 and 115697?
911
What is the greatest common divisor of 44 and 26356?
44
Calculate the greatest common divisor of 2 and 180526.
2
What is the highest common divisor of 140885 and 3040?
95
What is the highest common factor of 77118 and 1?
1
Calculate the highest common divisor of 26 and 99073.
13
Calculate the highest common divisor of 94119 and 916.
229
What is the greatest common factor of 352 and 649?
11
Calculate the highest common divisor of 6762 and 150.
6
Calculate the greatest common factor of 681921 and 3825.
153
What is the greatest common divisor of 1000 and 9875?
125
What is the highest common divisor of 51 and 213?
3
What is the highest common divisor of 180036 and 540?
108
What is the highest common factor of 20938 and 174?
58
What is the greatest common divisor of 4468 and 188?
4
What is the highest common factor of 19 and 280877?
19
What is the greatest common divisor of 6980480 and 26?
26
Calculate the highest common factor of 57 and 22422.
3
Calculate the highest common divisor of 55 and 4032985.
55
Calculate the greatest common factor of 418 and 448723.
209
Calculate the greatest common divisor of 32 and 89504.
32
What is the greatest common divisor of 6766 and 1394?
34
Calculate the highest common factor of 44830 and 200.
10
Calculate the highest common divisor of 1265 and 9845.
55
Calculate the greatest common divisor of 4004 and 1196.
52
Calculate the greatest common divisor of 2015 and 25805.
65
What is the greatest common divisor of 1725 and 110745?
345
Calculate the highest common factor of 48 and 4104.
24
Calculate the greatest common factor of 762 and 1993646.
254
What is the greatest common factor of 96 and 216096?
96
Calculate the highest common factor of 1260975 and 14025.
1275
What is the highest common factor of 823673 and 159?
53
Calculate the highest common divisor of 297 and 187.
11
What is the greatest common divisor of 157381 and 14?
7
Calculate the highest common factor of 95476 and 8.
4
What is the highest common divisor of 49 and 338611?
7
Calculate the highest common factor of 317641 and 623.
89
What is the greatest common divisor of 3752 and 132928?
536
Calculate the greatest common factor of 51470 and 20.
10
Calculate the highest common divisor of 30 and 218.
2
What is the highest common divisor of 575 and 105?
5
Calculate the greatest common factor of 301 and 70.
7
What is the greatest common factor of 213 and 40399?
71
Calculate the greatest common divisor of 758247 and 63.
21
Calculate the greatest common divisor of 2180 and 320.
20
Calculate the highest common divisor of 26088 and 48.
24
What is the greatest common divisor of 1087918 and 39?
13
Calculate the highest common factor of 430430 and 43.
43
What is the greatest common divisor of 325 and 163579?
13
What is the highest common divisor of 2169 and 21807?
9
What is the greatest common divisor of 348 and 28159?
29
What is the highest common factor of 16348 and 28140?
268
Calculate the highest common divisor of 148664 and 72.
8
What is the highest common divisor of 194022 and 864?
54
What is the greatest common factor of 130 and 27794?
26
What is the highest common divisor of 166428 and 9?
9
What is the greatest common divisor of 14 and 3024?
14
Calculate the greatest common factor of 396 and 177111.
99
What is the greatest common divisor of 47 and 114398?
47
What is the greatest common divisor of 14685 and 495?
165
What is the highest common divisor of 1328 and 1696?
16
What is the highest common factor of 1216 and 18088?
152
What is the highest common factor of 7052 and 12?
4
What is the greatest common divisor of 687 and 1953141?
687
Calculate the highest common factor of 1278 and 1246902.
426
Calculate the highest common factor of 264 and 1092872.
88
What is the highest common divisor of 2050 and 4592?
82
Calculate the greatest common factor of 6 and 81699.
3
Calculate the highest common divisor of 22 and 310343.
11
What is the highest common divisor of 640462 and 179?
179
What is the greatest common factor of 535 and 6741?
107
Calculate the greatest common factor of 2613 and 91053.
201
What is the highest common factor of 264 and 753412?
44
What is the greatest common factor of 20 and 10030?
10
Calculate the greatest common factor of 26004 and 4.
4
Calculate the greatest common divisor of 88 and 87736.
88
Calculate the highest common factor of 148230 and 1220.
610
Calculate the highest common factor of 48024 and 160632.
1656
What is the greatest common divisor of 103615 and 742?
53
What is the greatest common divisor of 168 and 21558?
6
What is the greatest common divisor of 995 and 97112?
199
What is the highest common factor of 50 and 193925?
25
What is the greatest common divisor of 7566 and 429?
39
Calculate the highest common factor of 111426 and 1176.
294
Calculate the greatest common divisor of 12852 and 13311.
459
Calculate the greatest common factor of 143193 and 354.
177
Calculate the highest common factor of 1471391 and 109.
109
Calculate the highest common factor of 38399 and 28294.
2021
Calculate the highest common divisor of 39 and 22945.
13
Calculate the highest common factor of 164362 and 1457.
31
Calculate the greatest common factor of 151648 and 1008.
112
Calculate the greatest common factor of 60888 and 3999.
129
What is the highest common divisor of 1218 and 191574?
174
What is the highest common factor of 7406322 and 902?
902
Calculate the highest common factor of 480 and 140670.
30
What is the greatest common factor of 28 and 34622?
14
Calculate the highest common factor of 3939 and 533.
13
Calculate the greatest common factor of 159654 and 5664.
354
What is the greatest common factor of 993700 and 4275?
475
What is the greatest common divisor of 632 and 15879?
79
Calculate the greatest common factor of 3742137 and 72.
9
What is the highest common divisor of 54306 and 112?
14
Calculate the greatest common factor of 168530 and 380.
190
What is the highest common factor of 40 and 2551960?
40
What is the highest common factor of 1220 and 540?
20
What is the greatest common factor of 4029 and 3397?
79
Calculate the greatest common divisor of 90 and 137040.
30
Calculate the greatest common divisor of 632379 and 11.
11
What is the greatest common divisor of 1642523 and 106?
53
What is the greatest common factor of 65586 and 2142?
102
Calculate the greatest common factor of 2526 and 1944.
6
Calculate the highest common factor of 3492 and 2425.
97
What is the highest common factor of 31460 and 240?
20
What is the highest common factor of 42974 and 2?
2
Calculate the greatest common factor of 143 and 20943.
13
What is the highest common divisor of 124 and 136524?
124
Calculate the greatest common factor of 40475 and 25.
25
What is the greatest common factor of 294822 and 44?
22
What is the greatest common divisor of 226 and 451322?
226
Calculate the highest common factor of 2574 and 7326.
198
Calculate the highest common factor of 4 and 23948.
4
What is the greatest common divisor of 1015 and 67193?
203
Calculate the greatest common factor of 53